2*m + 17 = o*b - 3*b. Calculate the remainder when b is divided by 7.
2
Let q = 131 - -17. Calculate the remainder when q is divided by 10.
8
Suppose 0 = 5*p - b + 5, 0 = -4*p + p + 2*b - 10. Suppose p = -3*v + 96 + 3. What is the remainder when v is divided by -13 - (3211/(-91) - -13) - 2/7?
6
Let j be (-6)/(-10) + (-1888)/(-20). Suppose 2*g = -3*g + j. What is the remainder when 55 is divided by g?
17
Let o(v) = 2*v**2 + 8*v - 48. Calculate the remainder when 42 is divided by o(4).
10
Suppose 5*o + 3*i - 25 = 0, 0 = 4*o - 6*i + i - 20. Suppose 0 = z + 4*n + 10 + 4, -2*z + 22 = -2*n. Calculate the remainder when 28/z*(-3)/(-2) is divided by o.
2
Suppose z + 24 = 3*z. Let b be ((-112)/12)/(-2) - 3/(-9). Suppose 0*t + 40 = b*t. Calculate the remainder when z is divided by t.
4
Suppose 2*i - 25 = 77. Let u = i + -30. Calculate the remainder when 41 is divided by u.
20
Let d(p) = -p**2 + 38*p - 83. Calculate the remainder when d(14) is divided by 67.
52
Calculate the remainder when 86 is divided by -2*(372/(-24) - -1).
28
Calculate the remainder when 6/15 + (-6699)/(-15) is divided by 9.
6
Let g(w) = w**2 + 1. Let l(i) = -6*i**2 + 4*i - 11. Let p(u) = -5*g(u) - l(u). Calculate the remainder when p(4) is divided by 2.
0
Suppose 0*u + 40 = 5*u - 5*q, 3*q - 2 = u. Calculate the remainder when 140 is divided by u.
10
Let m(x) = 2*x + 13. Let p(h) = -9*h - 3. What is the remainder when p(-4) is divided by m(-2)?
6
Let d(z) = -43*z - 296. Calculate the remainder when 21 is divided by d(-7).
1
Suppose 80 = 3*x - 64. Let b = x - 40. Calculate the remainder when 25 is divided by b.
1
Suppose -k + 9 + 22 = i, 137 = 5*k - 4*i. Calculate the remainder when 70 is divided by k.
12
Suppose -18 - 42 = 4*c. Let i be (-6)/c + (-69)/(-15). Suppose i*k - 36 = 179. What is the remainder when k is divided by 9?
7
Let n be 1031/3 - (16/6 + -4). Suppose 381 - n = f. What is the remainder when 69 is divided by f?
33
Suppose -3*d + 52 + 38 = 0. Calculate the remainder when ((-70)/15)/((-2)/51) is divided by d.
29
Let x be (-3 - -9)*32/12. Suppose -2 = h, h = -d - x + 82. What is the remainder when d is divided by 18?
14
Calculate the remainder when (-8 + 21/6)*-22 - -1 is divided by 40.
20
Suppose -2*h - 5*n = -43 - 247, 0 = -n + 4. Calculate the remainder when h is divided by 46.
43
Let z(p) = 4*p**2 + 13*p + 13. What is the remainder when z(-6) is divided by 41?
38
Let q = -109 - -109. Suppose q = 5*a + 108 - 403. What is the remainder when a is divided by 10?
9
Let j be 8/((-4)/(-4) - 3). What is the remainder when 37 is divided by (-1 - -21)/((-20)/j + -4)?
17
Suppose -221 = -5*j + 3*a, -j - 13*a = -9*a - 35. What is the remainder when 83 is divided by j?
40
Let k = 351 + -295. What is the remainder when 277 is divided by k?
53
Let j(i) = -7*i**2 + 3*i. Let n be j(2). Suppose 4*h = 2*l + 52 - 8, 5*h = -2*l + 64. Calculate the remainder when (-8 + 0)*n/8 is divided by h.
10
Let t = -140 - -277. What is the remainder when t is divided by 36?
29
Suppose -i - 4 = 0, -148 - 109 = -3*v - 4*i. Suppose 91*p - 374*p - 182*p = -8835. What is the remainder when v is divided by p?
15
Suppose -3*h + 23 + 529 = -5*f, -741 = -4*h + 5*f. Calculate the remainder when h is divided by 29.
15
Suppose -h = 3*h. Suppose 3*w - 36 = -h*w. Let q(z) = -z**2 - 9*z + 2. Calculate the remainder when q(-5) is divided by w.
10
Let c = 76 - 63. Calculate the remainder when 323 is divided by c.
11
Let n = 21 + -5. Let z(k) = -5*k - 8*k - 6*k - 1 + 14*k. Calculate the remainder when n is divided by z(-2).
7
Let p(o) = o - 3. Let t be p(5). Suppose 0 = t*f - 33 - 49. Calculate the remainder when f is divided by 11.
8
Suppose -5*u - s = -6 - 29, 2*u = -2*s + 22. Let q(l) = -l**2 + 7*l. Calculate the remainder when 53 is divided by q(u).
5
Let d be -1 + (2 + -3 - -3). Let t be (7 - (-5 + 3))*d. Suppose -t = 5*f - 29. What is the remainder when 11 is divided by f?
3
Suppose 16*a - 903 = 13*a. Let t = -215 + a. Calculate the remainder when t is divided by 29.
28
Suppose -3*z = 51 - 225. What is the remainder when z is divided by 174/15 - (-12)/30?
10
Let m = -27 - -29. Suppose m*y = 7 - 3. What is the remainder when 2 is divided by y?
0
Calculate the remainder when ((-4)/(-26))/((-76)/(-988)) is divided by 2.
0
Suppose -74 = -4*x + 3*h, 4*x + 2 = -5*h + 92. What is the remainder when 257 is divided by x?
17
Suppose -o - 3 = 0, 4*r + 5*o - 9 = r. Calculate the remainder when 98/(-14) + 2/(14/119) is divided by r.
2
Let p be 3 - 0/(2/1). Suppose -o - p*b = -3*o + 37, -o - 5*b = -25. Let z = o + -2. What is the remainder when z is divided by 7?
4
Let a(m) = 5*m - 13. Let o(p) = -5*p + 14. Let z(f) = -4*a(f) - 5*o(f). Calculate the remainder when 30 is divided by z(7).
13
Suppose -5*u + 110 = 55. Calculate the remainder when 207 is divided by u.
9
Calculate the remainder when (11704/(-32))/(-1) - (-1)/4 is divided by 53.
48
What is the remainder when 758 is divided by (-184)/8*(-12)/(8 + -4)?
68
Suppose 2*r = -2*o + 8, -3*o = -5*r + r - 12. Suppose 3*x + 0*x + 60 = r. What is the remainder when 19 is divided by x/((1 + -3)*1)?
9
Let q be (-6)/5*60/(-18). Suppose 2*o - 4 = -4*h, 3*h + q = 2*o + 4*h. Calculate the remainder when o is divided by 1.
0
Suppose 2*r = 3*y + 2, -4*y + 5 = 4*r + r. Let o = 140 + -115. Let z = r + o. What is the remainder when z is divided by 9?
8
Suppose 4*d - 3*d - 1 = 0. Suppose 3*z + 7 = -5*j, 2*z - 3*j + 0 - 8 = 0. Calculate the remainder when d is divided by z.
0
Let g = 451 - 437. Calculate the remainder when (0 - -39)*(1 + 0) is divided by g.
11
Let t = 1697 - 1678. What is the remainder when 90 is divided by t?
14
Calculate the remainder when 1*15/3*(29 + -10) is divided by 25.
20
Let v = 1930 - 1910. What is the remainder when 134 is divided by v?
14
Let c = 8 - 6. Let n = 6 - c. Suppose -y + 5*z - 13 = 0, 4*y - 10 = 2*y + z. Calculate the remainder when y is divided by n.
3
What is the remainder when (12 - 3003/21)*2/(-2) is divided by 46?
39
What is the remainder when ((-48)/(-36))/(((-10)/72)/(-5)) is divided by 19?
10
Let g(q) = -q**3 - 3*q**2 + 6. Calculate the remainder when 123 is divided by g(-3).
3
Calculate the remainder when 385 is divided by ((-1)/(8/(-86)))/((-14)/(-56)).
41
Calculate the remainder when (50 - -2) + (-2)/(-1) is divided by (-70)/(-84) + (-61)/(-6).
10
Let a(k) = k + 9. Let r be a(-7). Let d be 9/(3/6 - r). Let w(t) = t**3 + 7*t**2 - 4*t - 6. Calculate the remainder when w(d) is divided by 19.
16
Calculate the remainder when 2/(-6) - (-5)/30*194 is divided by 11.
10
Let x(k) be the second derivative of 1/3*k**4 + 1/2*k**2 + 1/3*k**3 - k + 0 + 1/20*k**5. What is the remainder when x(-2) is divided by 3?
2
Suppose -22*u - 29417 = -45*u. What is the remainder when u is divided by 16?
15
Let z(x) = x**3 + 6*x**2 - 7*x + 32. Let t(y) = y**3. Let b(c) = -2*t(c) + z(c). Let i(l) = 4*l - 1. Calculate the remainder when b(5) is divided by i(1).
1
Let y = 81 + -51. What is the remainder when 2 + (-30)/25 - 562/(-10) is divided by y?
27
What is the remainder when 75/2*(-16)/(-4) is divided by 132/3 - (4 + 2)?
36
What is the remainder when (1/(6/(-206)))/((-285)/16245) is divided by 14?
11
Suppose d = -3*n + 75, -2*n + 6*d = 2*d - 50. What is the remainder when 98 is divided by n?
23
Suppose -2*d + 4*o + 1492 = 0, 2*d - 3*o - 2071 = -576. Calculate the remainder when d is divided by 26.
24
Suppose 2*s = -3*l + 64, -51*l = 5*s - 47*l - 160. Calculate the remainder when 196 is divided by s.
4
Let d = 15 - -1. What is the remainder when ((-2538)/(-216))/((-1)/(-4)) is divided by d?
15
Suppose 0 = 4*d - 265 + 45. Suppose -2*k + 97 = 5*o, -16*k = 4*o - 11*k - 81. Calculate the remainder when d is divided by o.
17
Let f(q) be the first derivative of -q**2/2 + 14*q - 4. What is the remainder when 109 is divided by f(0)?
11
Let a = 219 + -211. What is the remainder when 108 is divided by a?
4
Suppose 0 = -9*f + 310 + 50. Calculate the remainder when 558 is divided by f.
38
Let a = -1077 + 1083. What is the remainder when 261 is divided by a?
3
Suppose 2*m - 119 = -3*q, 17*m - 14*m + 3*q - 174 = 0. Calculate the remainder when 98 is divided by m.
43
Suppose 3*t + 62 = 5*v, -v - 4*t + 5 = -12. What is the remainder when v is divided by 10?
3
Calculate the remainder 